?
True
Does 856 divide 1234333168?
True
Does 1132 divide 24400260?
True
Does 47 divide 3946673425?
True
Is 181325911 a multiple of 43?
False
Does 223 divide 110932938?
False
Does 63 divide 120351165?
False
Is 5948950 a multiple of 9?
False
Does 2 divide 1982883?
False
Is 3967 a factor of 66835391?
False
Does 27 divide 943625712?
False
Does 27 divide 1024955455?
False
Is 31376640 a multiple of 3840?
True
Is 863 a factor of 1015689727?
True
Is 3 a factor of 99246001?
False
Does 128 divide 9765123?
False
Does 8 divide 100817896?
True
Is 251 a factor of 15691268?
False
Is 643730164 a multiple of 11132?
True
Is 309 a factor of 50243630?
False
Is 2 a factor of 487581?
False
Is 246 a factor of 17852994?
False
Does 5 divide 425150?
True
Is 579 a factor of 111962827?
False
Is 13 a factor of 672412?
True
Is 62 a factor of 80373144?
False
Does 22 divide 42570?
True
Does 32 divide 5785600?
True
Is 433 a factor of 260613223?
False
Does 6 divide 214578?
True
Is 266 a factor of 29171688?
True
Is 7909568 a multiple of 166?
True
Is 66269265 a multiple of 601?
True
Is 665 a factor of 750505606?
False
Is 48 a factor of 1284450568?
False
Is 228885336 a multiple of 431?
False
Does 433 divide 30217338?
True
Is 18 a factor of 5586771945?
False
Does 986 divide 113229282?
True
Does 29 divide 1075172506?
True
Does 368 divide 44487220?
False
Is 576171878 a multiple of 46?
False
Does 4015 divide 174104186?
False
Is 734419062 a multiple of 36?
False
Is 33 a factor of 878603121?
True
Does 68 divide 838929179?
False
Is 548 a factor of 1435212?
True
Is 53 a factor of 71574062?
True
Is 6498879 a multiple of 512?
False
Is 3901 a factor of 2195174621?
True
Does 78 divide 1178967192?
True
Is 50265814 a multiple of 1612?
False
Is 53447484 a multiple of 6?
True
Is 1685 a factor of 73476110?
True
Does 69 divide 317137736?
False
Does 4760 divide 186430262?
False
Is 58099594 even?
True
Does 474 divide 40316544?
True
Does 227 divide 67477339?
True
Is 13631996 a multiple of 2198?
True
Is 30 a factor of 259181380?
False
Is 14 a factor of 4710483455?
False
Is 40 a factor of 1879192091?
False
Is 10 a factor of 571250282?
False
Is 45001172 a multiple of 8?
False
Is 703 a factor of 60136269?
False
Does 16 divide 48439360?
True
Does 27 divide 242187084?
True
Does 61 divide 37703734?
True
Is 8 a factor of 13507517?
False
Is 119719233 a multiple of 75?
False
Is 2897084214 a multiple of 1082?
True
Is 53 a factor of 1544292482?
True
Is 8 a factor of 18707144?
True
Does 9 divide 11195190?
True
Is 59 a factor of 27463792?
True
Does 936 divide 150873710?
False
Does 185 divide 29409512?
False
Is 97 a factor of 24942192?
True
Does 5039 divide 5104678326?
True
Does 9512 divide 1940568850?
False
Does 7 divide 11001188?
False
Is 296 a factor of 252795187?
False
Is 10566408 a multiple of 24?
True
Is 1246 a factor of 456398586?
True
Is 564363516 a multiple of 444?
True
Is 1558 a factor of 22748134?
False
Is 4 a factor of 745996630?
False
Does 22 divide 2584141464?
False
Does 962 divide 39549744?
True
Is 406 a factor of 21323932?
True
Is 4 a factor of 1875740?
True
Is 392 a factor of 205619288?
True
Does 149 divide 174441005?
True
Is 289132659 a multiple of 81?
True
Is 9 a factor of 113317180?
False
Does 594 divide 834053220?
True
Is 596 a factor of 433395398?
False
Does 44 divide 10520682?
False
Does 45 divide 81282133?
False
Is 25 a factor of 127558790?
False
Does 41 divide 122505?
False
Is 1104 a factor of 50951808?
True
Is 681 a factor of 244421115?
True
Does 387 divide 8962071?
False
Does 194 divide 20858880?
True
Does 5679 divide 3604484016?
True
Is 34417967 a multiple of 15?
False
Is 9 a factor of 845479483?
False
Is 205296758 a multiple of 4577?
True
Does 185 divide 564166195?
True
Does 461 divide 118038278?
False
Is 211 a factor of 18551745?
False
Does 180 divide 352077480?
True
Is 15 a factor of 96070607?
False
Does 273 divide 6807279?
False
Does 865 divide 159652185?
True
Is 379447 even?
False
Is 5 a factor of 109549747?
False
Does 441 divide 50391747?
True
Does 377 divide 196140884?
False
Is 1167 a factor of 10516030?
False
Is 74 a factor of 82521003?
False
Is 830 a factor of 37406818?
False
Does 1771 divide 509066866?
True
Does 2862 divide 93484476?
False
Is 41723255 a multiple of 1293?
False
Is 3180390240 a multiple of 304?
True
Is 3804010452 a multiple of 486?
True
Is 2075 a factor of 1009109850?
True
Is 182213976 a multiple of 94?
False
Does 367 divide 338760677?
False
Is 373562100 a multiple of 6?
True
Does 2039 divide 2495585114?
True
Is 448 a factor of 5969339264?
True
Is 31 a factor of 42434357?
False
Is 14 a factor of 110036563?
False
Does 1071 divide 3144681981?
True
Is 65849472 a multiple of 234?
True
Is 12497828 a multiple of 13?
False
Is 704 a factor of 582327506?
False
Does 26 divide 145768922?
True
Is 121404020 a multiple of 89?
False
Does 291 divide 1440058605?
True
Is 70 a factor of 19477668?
False
Is 149 a factor of 94312802?
False
Is 9 a factor of 18053715?
False
Does 776 divide 362526248?
True
Is 48 a factor of 705740160?
True
Is 3479 a factor of 277988210?
False
Does 81 divide 2262421312?
False
Does 33 divide 5222358916?
False
Is 11900435 a multiple of 173?
False
Is 2 a factor of 185265044?
True
Does 187 divide 2408658628?
False
Is 49 a factor of 25488282?
False
Is 552434535 a multiple of 192?
False
Does 21 divide 169882944?
True
Is 82351577 a multiple of 7?
True
Does 188 divide 260018664?
True
Is 10 a factor of 1489097680?
True
Is 11588127 a multiple of 117?
False
Is 10262832 a multiple of 1262?
False
Is 683284362 a multiple of 151?
True
Is 1363 a factor of 80916598?
False
Is 10 a factor of 63112660?
True
Is 454563087 a multiple of 33?
True
Is 8874 a factor of 4051309338?
True
Does 3 divide 423116?
False
Is 154 a factor of 341456346?
True
Is 396 a factor of 301530636?
True
Does 1258 divide 127602201?
False
Is 680 a factor of 198597719?
False
Is 463068490 a multiple of 335?
True
Is 326 a factor of 336275619?
False
Is 86205739 a multiple of 78?
False
Is 171 a factor of 10228536?
True
Is 26070783 a multiple of 42?
False
Is 20 a factor of 5868940?
True
Is 7 a factor of 79537623?
False
Is 549502808 a multiple of 299?
False
Does 16 divide 507936448?
True
Is 940 a factor of 116260140?
True
Does 79 divide 448374761?
False
Is 170920200 a multiple of 55?
True
Is 191 a factor of 1330561724?
False
Is 416316237 a multiple of 20?
False
Does 1607 divide 91976102?
False
Is 1471576918 a multiple of 4626?
False
Is 14 a factor of 2292371?
False
Is 1839 a factor of 7316499?
False
Is 4959600023 a multiple of 13?
False
Does 5748 divide 1451545988?
False
Is 26603253 a multiple of 12?
False
Does 1377 divide 125339078?
False
Is 475484776 a multiple of 299?
False
Does 124 divide 18223412?
True
Does 1103 divide 11745047?
False
Is 4 a factor of 9070524?
True
Is 104726680 a multiple of 1240?
True
Does 4 divide 53983629?
False
Does 152 divide 257574336?
True
Is 3066242 a multiple of 12?
False
Does 149 divide 73325690?
False
Is 299 a factor of 135466497?
False
Is 33 a factor of 10401138?
True
Is 146743934 a multiple of 2137?
False
Does 2 divide 14280774?
True
Does 800 divide 120768055?
False
Is 27159208 a multiple of 907?
True
Is 388517755 a multiple of 177?
False
Is 1658629546 a multiple of 14?
True
Does 3466 divide 4345272210?
True
Is 101 a factor of 14108566?
False
Does 87 divide 41101741?
False
Is 490 a factor of 256233250?
True
Does 7244 divide 29338200?
True
Is 22483656 a multiple of 46?
False
Does 1114 divide 59303790?
True
Is 48 a factor of 18375840?
True
Does 13 divide 1247224225?
True
Is 283880 a multiple of 376?
True
Is 21947651 a multiple of 113?
True
Is 58848246 a multiple of 632?
False
Is 19165824 a multiple of 254?
True
Is 195180773 a multiple of 1915?
False
Is 121590990 a multiple of 9?
True
Is 28 a factor of 98972608?
True
Is 34 a factor of 20143232?
True
Is 128117384 a multiple of 7244?
True
Does 1369 divide 7748330543?
True
Is 134 a factor of 5421313?
False
Is 13609 a factor of 1633802621?
False
Is 86996235 a multiple of 121?
False
Does 12 divide 1377230835?
False
Is 108 a factor of 16813332?
True
Is 33687329 a multiple of 13?
True
Is 1803379104 a multiple of 2334?
True
Is 1124807066 a multiple of 3?
False
Is 28291666 a multiple of 179?
True
Is 13 a factor of 2863878901?
True
Is 